digit of 3417?
7
What is the hundreds digit of 12247?
2
What is the units digit of 3726?
6
What is the hundreds digit of 8937?
9
What is the units digit of 133998?
8
What is the ten thousands digit of 19220?
1
What is the ten thousands digit of 52902?
5
What is the hundreds digit of 7658?
6
What is the tens digit of 15?
1
What is the units digit of 26942?
2
What is the thousands digit of 62156?
2
What is the tens digit of 34143?
4
What is the hundreds digit of 223?
2
What is the units digit of 162?
2
What is the hundreds digit of 575?
5
What is the hundreds digit of 1962?
9
What is the units digit of 9387?
7
What is the units digit of 13211?
1
What is the ten thousands digit of 30321?
3
What is the thousands digit of 18607?
8
What is the thousands digit of 2995?
2
What is the hundreds digit of 5849?
8
What is the hundreds digit of 19462?
4
What is the hundreds digit of 6267?
2
What is the thousands digit of 15288?
5
What is the thousands digit of 48887?
8
What is the hundreds digit of 36365?
3
What is the thousands digit of 162393?
2
What is the ten thousands digit of 10807?
1
What is the hundreds digit of 2733?
7
What is the tens digit of 24446?
4
What is the hundreds digit of 138829?
8
What is the units digit of 342?
2
What is the units digit of 6561?
1
What is the tens digit of 1614?
1
What is the units digit of 5047?
7
What is the ten thousands digit of 99258?
9
What is the hundreds digit of 3873?
8
What is the tens digit of 5397?
9
What is the hundreds digit of 10684?
6
What is the units digit of 13705?
5
What is the tens digit of 6216?
1
What is the tens digit of 758?
5
What is the hundreds digit of 1174?
1
What is the ten thousands digit of 90708?
9
What is the hundreds digit of 507?
5
What is the units digit of 22503?
3
What is the units digit of 2558?
8
What is the tens digit of 1085?
8
What is the ten thousands digit of 15602?
1
What is the units digit of 550?
0
What is the ten thousands digit of 18502?
1
What is the thousands digit of 71446?
1
What is the ten thousands digit of 34250?
3
What is the hundreds digit of 2182?
1
What is the units digit of 3916?
6
What is the tens digit of 70545?
4
What is the hundreds digit of 4298?
2
What is the thousands digit of 3593?
3
What is the hundreds digit of 9106?
1
What is the tens digit of 3201?
0
What is the thousands digit of 1078?
1
What is the tens digit of 2690?
9
What is the tens digit of 18?
1
What is the units digit of 58?
8
What is the units digit of 339?
9
What is the thousands digit of 4235?
4
What is the units digit of 216?
6
What is the hundreds digit of 58372?
3
What is the hundreds digit of 783?
7
What is the units digit of 6717?
7
What is the ten thousands digit of 67211?
6
What is the tens digit of 1557?
5
What is the thousands digit of 10734?
0
What is the tens digit of 8501?
0
What is the ten thousands digit of 19594?
1
What is the tens digit of 4028?
2
What is the ten thousands digit of 37777?
3
What is the units digit of 24445?
5
What is the units digit of 25152?
2
What is the units digit of 3505?
5
What is the hundreds digit of 38712?
7
What is the tens digit of 9548?
4
What is the units digit of 43429?
9
What is the units digit of 2658?
8
What is the thousands digit of 11722?
1
What is the thousands digit of 58753?
8
What is the units digit of 6826?
6
What is the units digit of 870?
0
What is the thousands digit of 5761?
5
What is the thousands digit of 2852?
2
What is the thousands digit of 59399?
9
What is the hundreds digit of 1068?
0
What is the hundreds digit of 1934?
9
What is the tens digit of 107604?
0
What is the tens digit of 460?
6
What is the hundreds digit of 6019?
0
What is the thousands digit of 27097?
7
What is the units digit of 4709?
9
What is the thousands digit of 4094?
4
What is the hundreds digit of 1025?
0
What is the hundreds digit of 22183?
1
What is the hundreds digit of 241?
2
What is the units digit of 6927?
7
What is the units digit of 9958?
8
What is the hundreds digit of 5919?
9
What is the tens digit of 1030?
3
What is the thousands digit of 7617?
7
What is the units digit of 1231?
1
What is the units digit of 9290?
0
What is the hundreds digit of 11709?
7
What is the ten thousands digit of 25574?
2
What is the units digit of 478?
8
What is the units digit of 49112?
2
What is the tens digit of 12653?
5
What is the thousands digit of 3604?
3
What is the hundreds digit of 588?
5
What is the thousands digit of 116764?
6
What is the thousands digit of 4152?
4
What is the tens digit of 37651?
5
What is the hundreds digit of 1175?
1
What is the tens digit of 2124?
2
What is the ten thousands digit of 11555?
1
What is the ten thousands digit of 30906?
3
What is the units digit of 2088?
8
What is the ten thousands digit of 13222?
1
What is the thousands digit of 48057?
8
What is the tens digit of 59?
5
What is the tens digit of 27111?
1
What is the units digit of 13896?
6
What is the thousands digit of 8391?
8
What is the hundreds digit of 621?
6
What is the thousands digit of 28884?
8
What is the hundreds digit of 33702?
7
What is the tens digit of 29255?
5
What is the hundreds digit of 35262?
2
What is the hundred thousands digit of 104137?
1
What is the tens digit of 139?
3
What is the ten thousands digit of 46475?
4
What is the tens digit of 38357?
5
What is the hundreds digit of 86044?
0
What is the units digit of 353?
3
What is the tens digit of 181950?
5
What is the units digit of 11254?
4
What is the hundreds digit of 1067?
0
What is the hundreds digit of 145?
1
What is the units digit of 15217?
7
What is the units digit of 2204?
4
What is the units digit of 1709?
9
What is the tens digit of 8177?
7
What is the thousands digit of 120983?
0
What is the tens digit of 2942?
4
What is the thousands digit of 10585?
0
What is the thousands digit of 24689?
4
What is the ten thousands digit of 78231?
7
What is the thousands digit of 1004?
1
What is the tens digit of 171?
7
What is the tens digit of 2155?
5
What is the tens digit of 877?
7
What is the thousands digit of 2118?
2
What is the hundreds digit of 22399?
3
What is the tens digit of 1041?
4
What is the tens digit of 736?
3
What is the thousands digit of 2501?
2
What is the tens digit of 539?
3
What is the thousands digit of 15538?
5
What is the tens digit of 7829?
2
What is the tens digit of 8259?
5
What is the tens digit of 326?
2
What is the hundreds digit of 18306?
3
What is the hundreds digit of 79499?
4
What is the thousands digit of 7277?
7
What is the tens digit of 6938?
3
What is the thousands digit of 3471?
3
What is the ten thousands digit of 119556?
1
What is the hundreds digit of 78069?
0
What is the thousands digit of 2381?
2
What is the thousands digit of 23187?
3
What is the tens digit of 3383?
8
What is the thousands digit of 10424?
0
What is the tens digit of 308?
0
What is the thousands digit of 2291?
2
What is the tens digit of 1105?
0
What is the hundreds digit of 876?
8
What is the tens digit of 18270?
7
What is the units digit of 3791?
1
What is the tens digit of 26464?
6
What is the hundreds digit of 4334?
3
What is the hundreds digit of 3732?
7
What is the thousands digit of 2252?
2
What is the hundreds digit of 18018?
0
What is the tens digit of 52122?
2
What is the ten thousands digit of 38425?
3
What is the units digit of 6345?
5
What is the tens digit of 39?
3
What is the units digit of 535?
5
What is the hundreds digit of 602?
6
What is the thousands digit of 37191?
7
What is the units digit of 9324?
4
What is the ten thousands digit of 60535?
6
What is the hundreds digit of 400?
4
What is the thousands digit of 1373?
1
What is the hundreds digit of 1928?
9
What is the units digit of 673?
3
What is the hundreds digit of 102967?
9
What is the units digit of 8414?
4
What is the tens digit of 2123?
2
What is the hundreds digit of 745?
7
What is the units digit of 522?
2
What is the thousands digit of 6695?
6
What is the units digit of 21311?
1
What is the tens digit of 29?
2
What is the hundreds digit of 11849?
8
What is the hundreds digit of 5493?
4
What is the thousands digit of 7125?
7
What is the hundreds digit of 996?
9
What is the units digit of 3007?
7
What is the units digit of 443?
3
What is the hundreds digit of 5002?
0
What is the thousands digit